{"id":83,"date":"2020-08-11T17:51:43","date_gmt":"2020-08-11T15:51:43","guid":{"rendered":"http:\/\/aikido-uccle.be\/?page_id=83"},"modified":"2026-02-13T15:12:42","modified_gmt":"2026-02-13T14:12:42","slug":"le-professeur","status":"publish","type":"page","link":"https:\/\/aikido-uccle.be\/index.php\/le-professeur\/","title":{"rendered":"le Professeur"},"content":{"rendered":"\n<figure class=\"wp-block-image size-large\"><img loading=\"lazy\" decoding=\"async\" width=\"1024\" height=\"678\" src=\"https:\/\/aikido-uccle.be\/wp-content\/uploads\/2020\/08\/Laurent-Parrein-Sensei-S\u00e8vres-2013-1024x678.jpg\" alt=\"\" class=\"wp-image-63\" srcset=\"https:\/\/aikido-uccle.be\/wp-content\/uploads\/2020\/08\/Laurent-Parrein-Sensei-S\u00e8vres-2013-1024x678.jpg 1024w, https:\/\/aikido-uccle.be\/wp-content\/uploads\/2020\/08\/Laurent-Parrein-Sensei-S\u00e8vres-2013-300x199.jpg 300w, https:\/\/aikido-uccle.be\/wp-content\/uploads\/2020\/08\/Laurent-Parrein-Sensei-S\u00e8vres-2013-768x509.jpg 768w, https:\/\/aikido-uccle.be\/wp-content\/uploads\/2020\/08\/Laurent-Parrein-Sensei-S\u00e8vres-2013-1536x1017.jpg 1536w, https:\/\/aikido-uccle.be\/wp-content\/uploads\/2020\/08\/Laurent-Parrein-Sensei-S\u00e8vres-2013-830x550.jpg 830w, https:\/\/aikido-uccle.be\/wp-content\/uploads\/2020\/08\/Laurent-Parrein-Sensei-S\u00e8vres-2013-230x152.jpg 230w, https:\/\/aikido-uccle.be\/wp-content\/uploads\/2020\/08\/Laurent-Parrein-Sensei-S\u00e8vres-2013-350x232.jpg 350w, https:\/\/aikido-uccle.be\/wp-content\/uploads\/2020\/08\/Laurent-Parrein-Sensei-S\u00e8vres-2013-480x318.jpg 480w, https:\/\/aikido-uccle.be\/wp-content\/uploads\/2020\/08\/Laurent-Parrein-Sensei-S\u00e8vres-2013.jpg 2048w\" sizes=\"auto, (max-width: 1024px) 100vw, 1024px\" \/><\/figure>\n\n\n\n<p>D\u00e8s le d\u00e9but de son apprentissage,&nbsp;<strong>Laurent Parrein<\/strong>&nbsp;s&rsquo;est investi dans la pratique de l&rsquo;a\u00efkido \u00e0 diff\u00e9rents niveaux. Outre un soutien \u00e0 son professeur concernant l&rsquo;organisation du dojo, il a rapidement particip\u00e9 \u00e0 l&rsquo;encadrement des cours enfants avant de les assurer seul. Avec le temps, il a ensuite enseign\u00e9 aux adultes en remplacement de son ma\u00eetre. Lorsque celui-ci a cess\u00e9 l&rsquo;a\u00efkido, c&rsquo;est tout naturellement qu&rsquo;il s&rsquo;est tourn\u00e9 vers Laurent qui a accept\u00e9 de reprendre cette fonction ainsi que la responsabilit\u00e9 de l&rsquo;ensemble des cours.<\/p>\n\n\n\n<p>C&rsquo;est ainsi que depuis 2010, Laurent Parrein Sensei enseigne la voie en suivant l&rsquo;enseignement son professeur, Jonathan Philippe et  d&rsquo;Alain Peyrache Sok\u00e9, au dojo Kimusubi, \u00e0 Uccle o\u00f9 il a form\u00e9 plus de 200 \u00e9l\u00e8ves depuis lors.<br>\u00a0<br>Alain Peyrache, fondateur de l&rsquo;EPA, est le professeur dont il suit l&rsquo;enseignement depuis le d\u00e9but de sa pratique lors de stages internationaux, et par l&rsquo;interm\u00e9diaire de l&rsquo;ancien professeur de l&rsquo;Aikido Kimusubi Uccle, lui-m\u00eame membre de l&rsquo;EPA.<\/p>\n\n\n\n<p><strong><span class=\"has-inline-color has-vivid-red-color\">L&rsquo;a\u00efkido traditionnel, une transmission de ma\u00eetre \u00e0 \u00e9l\u00e8ve, de g\u00e9n\u00e9rations en g\u00e9n\u00e9rations.<\/span><\/strong><\/p>\n\n\n\n<p>Laurent parrein Sensei se situe \u00e0 la quatri\u00e8me g\u00e9n\u00e9ration de l&rsquo;a\u00efkido depuis le fondateur \u00d4 Sensei Morihei Ueshiba. Nobuyoshi Tamura Sensei, \u00e9l\u00e8ve d&rsquo;\u00d4 Sensei fut le dernier professeur d&rsquo;Alain Peyrache Sok\u00e9. Alain Peyrache qui, lui m\u00eame, est le professeur de Laurent Parrein Sensei.<\/p>\n\n\n\n<figure class=\"wp-block-image size-large\"><img loading=\"lazy\" decoding=\"async\" width=\"763\" height=\"1024\" src=\"https:\/\/aikido-uccle.be\/wp-content\/uploads\/2020\/08\/cedric_pyramide-763x1024.png\" alt=\"\" class=\"wp-image-84\" srcset=\"https:\/\/aikido-uccle.be\/wp-content\/uploads\/2020\/08\/cedric_pyramide-763x1024.png 763w, https:\/\/aikido-uccle.be\/wp-content\/uploads\/2020\/08\/cedric_pyramide-223x300.png 223w, https:\/\/aikido-uccle.be\/wp-content\/uploads\/2020\/08\/cedric_pyramide-768x1031.png 768w, https:\/\/aikido-uccle.be\/wp-content\/uploads\/2020\/08\/cedric_pyramide-1144x1536.png 1144w, https:\/\/aikido-uccle.be\/wp-content\/uploads\/2020\/08\/cedric_pyramide-830x1114.png 830w, https:\/\/aikido-uccle.be\/wp-content\/uploads\/2020\/08\/cedric_pyramide-230x309.png 230w, https:\/\/aikido-uccle.be\/wp-content\/uploads\/2020\/08\/cedric_pyramide-350x470.png 350w, https:\/\/aikido-uccle.be\/wp-content\/uploads\/2020\/08\/cedric_pyramide-480x644.png 480w, https:\/\/aikido-uccle.be\/wp-content\/uploads\/2020\/08\/cedric_pyramide.png 1200w\" sizes=\"auto, (max-width: 763px) 100vw, 763px\" \/><\/figure>\n","protected":false},"excerpt":{"rendered":"<p>D\u00e8s le d\u00e9but de son apprentissage,&nbsp;Laurent Parrein&nbsp;s&rsquo;est investi dans la pratique de l&rsquo;a\u00efkido \u00e0 diff\u00e9rents niveaux. Outre un soutien \u00e0 son professeur concernant l&rsquo;organisation du dojo, il a rapidement particip\u00e9 \u00e0 l&rsquo;encadrement des cours enfants avant de les assurer seul. Avec le temps, il a ensuite enseign\u00e9 aux adultes en remplacement de son ma\u00eetre. Lorsque [&hellip;]<\/p>\n","protected":false},"author":1,"featured_media":0,"parent":0,"menu_order":0,"comment_status":"closed","ping_status":"closed","template":"","meta":{"footnotes":""},"class_list":["post-83","page","type-page","status-publish","hentry"],"_links":{"self":[{"href":"https:\/\/aikido-uccle.be\/index.php\/wp-json\/wp\/v2\/pages\/83","targetHints":{"allow":["GET"]}}],"collection":[{"href":"https:\/\/aikido-uccle.be\/index.php\/wp-json\/wp\/v2\/pages"}],"about":[{"href":"https:\/\/aikido-uccle.be\/index.php\/wp-json\/wp\/v2\/types\/page"}],"author":[{"embeddable":true,"href":"https:\/\/aikido-uccle.be\/index.php\/wp-json\/wp\/v2\/users\/1"}],"replies":[{"embeddable":true,"href":"https:\/\/aikido-uccle.be\/index.php\/wp-json\/wp\/v2\/comments?post=83"}],"version-history":[{"count":4,"href":"https:\/\/aikido-uccle.be\/index.php\/wp-json\/wp\/v2\/pages\/83\/revisions"}],"predecessor-version":[{"id":309,"href":"https:\/\/aikido-uccle.be\/index.php\/wp-json\/wp\/v2\/pages\/83\/revisions\/309"}],"wp:attachment":[{"href":"https:\/\/aikido-uccle.be\/index.php\/wp-json\/wp\/v2\/media?parent=83"}],"curies":[{"name":"wp","href":"https:\/\/api.w.org\/{rel}","templated":true}]}}

<figure class="wp-block-image size-large"><img loading="lazy" decoding="async" width="1024" height="678" src="https://aikido-uccle.be/wp-content/uploads/2020/08/Laurent-Parrein-Sensei-Sèvres-2013-1024x678.jpg" alt="" class="wp-image-63" srcset="https://aikido-uccle.be/wp-content/uploads/2020/08/Laurent-Parrein-Sensei-Sèvres-2013-1024x678.jpg 1024w, https://aikido-uccle.be/wp-content/uploads/2020/08/Laurent-Parrein-Sensei-Sèvres-2013-300x199.jpg 300w, https://aikido-uccle.be/wp-content/uploads/2020/08/Laurent-Parrein-Sensei-Sèvres-2013-768x509.jpg 768w, https://aikido-uccle.be/wp-content/uploads/2020/08/Laurent-Parrein-Sensei-Sèvres-2013-1536x1017.jpg 1536w, https://aikido-uccle.be/wp-content/uploads/2020/08/Laurent-Parrein-Sensei-Sèvres-2013-830x550.jpg 830w, https://aikido-uccle.be/wp-content/uploads/2020/08/Laurent-Parrein-Sensei-Sèvres-2013-230x152.jpg 230w, https://aikido-uccle.be/wp-content/uploads/2020/08/Laurent-Parrein-Sensei-Sèvres-2013-350x232.jpg 350w, https://aikido-uccle.be/wp-content/uploads/2020/08/Laurent-Parrein-Sensei-Sèvres-2013-480x318.jpg 480w, https://aikido-uccle.be/wp-content/uploads/2020/08/Laurent-Parrein-Sensei-Sèvres-2013.jpg 2048w" sizes="auto, (max-width: 1024px) 100vw, 1024px" /></figure>



<p>Dès le début de son apprentissage,&nbsp;<strong>Laurent Parrein</strong>&nbsp;s&rsquo;est investi dans la pratique de l&rsquo;aïkido à différents niveaux. Outre un soutien à son professeur concernant l&rsquo;organisation du dojo, il a rapidement participé à l&rsquo;encadrement des cours enfants avant de les assurer seul. Avec le temps, il a ensuite enseigné aux adultes en remplacement de son maître. Lorsque celui-ci a cessé l&rsquo;aïkido, c&rsquo;est tout naturellement qu&rsquo;il s&rsquo;est tourné vers Laurent qui a accepté de reprendre cette fonction ainsi que la responsabilité de l&rsquo;ensemble des cours.</p>



<p>C&rsquo;est ainsi que depuis 2010, Laurent Parrein Sensei enseigne la voie en suivant l&rsquo;enseignement son professeur, Jonathan Philippe et  d&rsquo;Alain Peyrache Soké, au dojo Kimusubi, à Uccle où il a formé plus de 200 élèves depuis lors.<br> <br>Alain Peyrache, fondateur de l&rsquo;EPA, est le professeur dont il suit l&rsquo;enseignement depuis le début de sa pratique lors de stages internationaux, et par l&rsquo;intermédiaire de l&rsquo;ancien professeur de l&rsquo;Aikido Kimusubi Uccle, lui-même membre de l&rsquo;EPA.</p>



<p><strong><span class="has-inline-color has-vivid-red-color">L&rsquo;aïkido traditionnel, une transmission de maître à élève, de générations en générations.</span></strong></p>



<p>Laurent parrein Sensei se situe à la quatrième génération de l&rsquo;aïkido depuis le fondateur Ô Sensei Morihei Ueshiba. Nobuyoshi Tamura Sensei, élève d&rsquo;Ô Sensei fut le dernier professeur d&rsquo;Alain Peyrache Soké. Alain Peyrache qui, lui même, est le professeur de Laurent Parrein Sensei.</p>



<figure class="wp-block-image size-large"><img loading="lazy" decoding="async" width="763" height="1024" src="https://aikido-uccle.be/wp-content/uploads/2020/08/cedric_pyramide-763x1024.png" alt="" class="wp-image-84" srcset="https://aikido-uccle.be/wp-content/uploads/2020/08/cedric_pyramide-763x1024.png 763w, https://aikido-uccle.be/wp-content/uploads/2020/08/cedric_pyramide-223x300.png 223w, https://aikido-uccle.be/wp-content/uploads/2020/08/cedric_pyramide-768x1031.png 768w, https://aikido-uccle.be/wp-content/uploads/2020/08/cedric_pyramide-1144x1536.png 1144w, https://aikido-uccle.be/wp-content/uploads/2020/08/cedric_pyramide-830x1114.png 830w, https://aikido-uccle.be/wp-content/uploads/2020/08/cedric_pyramide-230x309.png 230w, https://aikido-uccle.be/wp-content/uploads/2020/08/cedric_pyramide-350x470.png 350w, https://aikido-uccle.be/wp-content/uploads/2020/08/cedric_pyramide-480x644.png 480w, https://aikido-uccle.be/wp-content/uploads/2020/08/cedric_pyramide.png 1200w" sizes="auto, (max-width: 763px) 100vw, 763px" /></figure>

<p>Dès le début de son apprentissage,&nbsp;Laurent Parrein&nbsp;s&rsquo;est investi dans la pratique de l&rsquo;aïkido à différents niveaux. Outre un soutien à son professeur concernant l&rsquo;organisation du dojo, il a rapidement participé à l&rsquo;encadrement des cours enfants avant de les assurer seul. Avec le temps, il a ensuite enseigné aux adultes en remplacement de son maître. Lorsque [&hellip;]</p>
